- 8/(-28)?
16
Suppose 3*g + 1 = -5. Let z be -3 + 13 - -2 - g. Suppose 4*x - 18 = z. Calculate the remainder when x is divided by 3.
2
Suppose 2*q + 1 = 21. What is the remainder when q is divided by ((-18)/(-8))/((-3)/(-8))?
4
Suppose 4*f - g = -4 + 11, 14 = -f - 5*g. What is the remainder when (0 + 1)/(f/41) is divided by 14?
13
Let f(t) = -5*t + 2. What is the remainder when 6/9 + (1264/12)/1 is divided by f(-5)?
25
Suppose -3*a + 12 = -18. Let s = a - -7. Calculate the remainder when s is divided by 9/(1 + (-2)/(-4)).
5
Let c be (0 - (3 - 3)) + 26. Let d = c + -3. Calculate the remainder when d is divided by (24/(-1))/(-2) - 0.
11
Let f = -32 - -37. What is the remainder when 9 is divided by f?
4
Let x = 79 - 37. What is the remainder when x is divided by 9?
6
Suppose 0 = -o - 4 + 7. Let i be (20 + 2)/((-4)/(-10)). Let k = i - o. Calculate the remainder when k is divided by 27.
25
Let n = -61 + 97. Let r = 61 + -42. Suppose r = f - 0*f. Calculate the remainder when n is divided by f.
17
Let r(t) = -t**3 - 8*t**2 + 8*t + 1. What is the remainder when 18 is divided by r(-9)?
8
Suppose 15*i - 35*i = -440. Suppose 0 = -3*b + 4*v + 126, -3*v - 42 = -b + 2*v. Calculate the remainder when b is divided by i.
20
Suppose -q = -4*l + 64, -3*l + 32 = -l - 2*q. Calculate the remainder when ((-31)/(-2))/((-1)/(-2)) is divided by l.
15
Suppose 4*c + 28 = 188. Let x = -29 + c. Calculate the remainder when (-103)/(-5) + (-6)/(-15) is divided by x.
10
Suppose 0 = -j + 3*j - 108. What is the remainder when j is divided by 19?
16
What is the remainder when 53 is divided by (-1*28)/(8/(-4))?
11
Let o be -5*4/6*-48. Suppose -3*n = 2*n - o. What is the remainder when n is divided by (1 - 20/(-2))*1?
10
Let z = 2 - -11. Let q = z + 9. What is the remainder when q is divided by 8?
6
Let x(u) = u**3 + 3*u**2 - 4*u + 5. Let r be x(-4). Suppose r*o - 42 = 13. What is the remainder when o is divided by 7?
4
Suppose 3*s - 6*s = -6. Suppose 72 = s*h - 2. Calculate the remainder when h is divided by 20.
17
Let y = 27 - 17. Let b = y + -9. What is the remainder when 1 is divided by b?
0
Let c(u) = 2*u + 1. Let v be c(-1). Let a(k) = -26*k**3 + k. Calculate the remainder when a(v) is divided by (14 + 1)*(-15)/(-25).
7
Let w(p) = 10*p - 1. Suppose 353*b - 342*b = 825. What is the remainder when b is divided by w(2)?
18
Let y = 81 - 45. Suppose 2*b = -2*b + y. Let a(f) = f**3 - 2*f**2 - 2*f + 2. Calculate the remainder when a(4) is divided by b.
8
Let j(m) = -m**2 + 11*m - 2. Let p be (4/3)/((-4)/(-18)). Let k = -1 - -16. What is the remainder when j(p) is divided by k?
13
Let t = 104 - 71. What is the remainder when t is divided by 17?
16
Suppose -3*d + 19 = 2*t - 10, 4*t - 69 = 5*d. Let v(f) = f**3 - 6*f**2 + 6*f - 6. Calculate the remainder when v(6) is divided by t.
14
Let p(o) = -o - 2. Let x(i) = 2*i**2 - 6*i - 1. Let y be x(8). Suppose 5*t - 2*t - y = -5*m, -2*t = 2*m - 34. What is the remainder when m is divided by p(-6)?
2
Suppose -6 = -3*y + 2*g, 4*g = 4*y + 1 - 13. Suppose 4*c - 69 = d, -d + y*d - 5 = 0. Calculate the remainder when c is divided by 6.
4
Let q(i) = 3*i**2 - 3*i - 1. Let d(z) = 10*z + 14. Let u(l) = l + 1. Let h(v) = -d(v) + 6*u(v). What is the remainder when q(-3) is divided by h(-5)?
11
Suppose 4*g - 2*r - 18 = -0, 4*r - 6 = g. Suppose -2*t + 32 = -5*l, 2*t + 3*l - 32 + 0 = 0. What is the remainder when t is divided by g?
4
Let z(x) = 11*x**3 - 2*x**2 + x. Let v(w) = -w**3 - 9*w**2 - 8*w + 1. Let o be v(-8). What is the remainder when z(o) is divided by 4?
2
Let j = 20 + -13. What is the remainder when 27 is divided by j?
6
Suppose 19 = 3*h - 17. What is the remainder when 47 is divided by h?
11
Suppose 0 + 6 = -2*l. Let v be l + 2 + -1 - -44. Let o = v + -23. Calculate the remainder when 55 is divided by o.
17
Let i(b) = b**2 + 3*b + 2. Let o be i(-3). Suppose 0 = 2*d + 2*a - 18 - 32, -o*d + 3*a = -65. What is the remainder when d is divided by 10?
8
Suppose -2*f = f - 96. Let j(p) = 4*p - 72. Calculate the remainder when f is divided by j(21).
8
Suppose -t + 2*f + 0*f + 2 = 0, -4*t + 5*f + 17 = 0. Let b = 11 - t. Let d = 11 - 4. Calculate the remainder when d is divided by b.
1
Suppose 0 = i - 0*i - 2. Suppose p - 19 = i*r, 3*p + 5*r = 20 + 70. Suppose -3*l - 1 = -p. What is the remainder when l is divided by 3?
2
Suppose -7*y + 2*y = -135. Suppose 4*l - 93 - y = 0. Suppose s + 24 = 4*p + 5*s, s - l = -5*p. What is the remainder when p is divided by 4?
2
Calculate the remainder when (0 + -119 + -1)/(-58 + 57) is divided by 31.
27
Let c(w) = -2*w + 9. What is the remainder when 50 is divided by c(-3)?
5
Suppose -t + 5*t - 16 = 0. Let l(h) = -h**3 + 5*h**2 - h + 5. Let z(d) = -d**3 - 3*d**2 + 2*d + 2. Calculate the remainder when l(t) is divided by z(-4).
7
Suppose -4*q = -2*d - 6, -3*d + 4*q + 1 = 6. Suppose 5*g - 33 = 3*f, d = 2*f + 3. Calculate the remainder when 16 is divided by g.
4
Suppose -5*l + 4*l + 29 = 0. Let x = -18 + l. Calculate the remainder when 21 is divided by x.
10
Let s(v) be the first derivative of v**3 + 4*v**2 - 9*v + 6. What is the remainder when s(-7) is divided by 28?
26
Let r(m) = -9*m - 3. Let f = -40 - -60. Let a = 35 - f. Calculate the remainder when r(-5) is divided by a.
12
Let n be ((-14)/(-2) - 0)/(-1). Let r(h) = -h**2 - 7*h + 3. Let i be r(n). Suppose -i*y = -22 - 8. What is the remainder when y is divided by 6?
4
Let u = 337 + -80. Suppose u - 77 = 4*z. Calculate the remainder when z is divided by 16.
13
What is the remainder when 56 is divided by 0/(-2) + (4 - -6)?
6
Let u(i) = i**2 + 3*i. Let m be 400/(-6) + 1/(-3). Let h = 101 + m. Calculate the remainder when h is divided by u(-6).
16
Calculate the remainder when 8/(-4) + (-4 - -20) is divided by 9.
5
Let d = 50 - 24. Suppose 0 = -2*g - 4*v + d, 4 + 1 = -5*v. Calculate the remainder when 28 is divided by g.
13
Let j(t) be the third derivative of t**5/30 - t**4/6 + t**3/3 + 3*t**2. Let r(h) = -h**2 + 4*h + 8. What is the remainder when r(5) is divided by j(2)?
1
Let y be 0/(1 - 0 - 3). Suppose 5 = -y*z + z. Calculate the remainder when z is divided by 4.
1
Let r = -36 + 75. Calculate the remainder when 75 is divided by r.
36
Calculate the remainder when 19 is divided by 7/(28/8)*4.
3
Let d(s) = -2*s**3 - 7*s**2 - 2. Calculate the remainder when d(-5) is divided by 37.
36
Let w(b) be the third derivative of 11*b**5/60 + b**4/12 - b**3/6 - 2*b**2. Calculate the remainder when 35 is divided by w(1).
11
Suppose -4*p - 14 = -62. Calculate the remainder when 33 is divided by p.
9
Suppose 2*t + 3*t = -180. What is the remainder when (-57)/(3 + t/8) is divided by 20?
18
Let v(l) = l - 4. Let g be v(2). Let z = 5 + g. Calculate the remainder when 6 is divided by z.
0
Let f = -74 - -95. What is the remainder when 83 is divided by f?
20
Suppose 0 = t - x, -x = -2*t - 3 - 2. Let p(b) be the second derivative of -b**3/6 - b. Calculate the remainder when 9 is divided by p(t).
4
Suppose 0 = -2*i + 6*i + 32. What is the remainder when 26 is divided by ((-144)/i)/(2/1)?
8
Let t(p) = 9*p**3 - p**2. Let f be t(1). Suppose 0 = h + f - 68. What is the remainder when h is divided by 31?
29
Let u = -11 - -17. What is the remainder when u is divided by 2?
0
Suppose -31 = 2*g - 103. Calculate the remainder when 107 is divided by g.
35
Let y(v) = 8*v**2 - 3*v - 7. Calculate the remainder when y(-2) is divided by 8.
7
Suppose -4*i + i + 33 = 0. Let p be (1*-1)/((-7)/21). Suppose p*t - 8 = 4. Calculate the remainder when i is divided by t.
3
Suppose 4*o = 5*j - 63, -2*j + 3*o = -24 + 3. What is the remainder when 25 is divided by j?
10
Let s(r) be the third derivative of -r**4/4 + r**3/2 - r**2. Let k be -2 + (0/(-1) - 1). Calculate the remainder when s(k) is divided by 11.
10
Suppose -11*l + 299 = 79. Calculate the remainder when 75 is divided by l.
15
Let y(z) = -z**2 + 2*z + 6. Calculate the remainder when 9 is divided by y(3).
0
Let f = 28 - 18. Calculate the remainder when 48 is divided by f.
8
Suppose 0*g = 3*g + q - 63, 3*g - 3*q - 51 = 0. What is the remainder when 72 is divided by g?
12
Let c = -15 + 9. Let a = c - -14. What is the remainder when 13 is divided by a?
5
Suppose 0*q + 2*q - i = 4, 0 = -3*q + i + 7. Calculate the remainder when 17 is divided by q.
2
Let z be 